
8
What is the remainder when 59 is divided by 32?
27
What is the remainder when 203 is divided by 97?
9
Calculate the remainder when 292 is divided by 71.
8
Calculate the remainder when 186 is divided by 80.
26
Calculate the remainder when 17 is divided by 10.
7
What is the remainder when 658 is divided by 51?
46
Calculate the remainder when 753 is divided by 12.
9
Calculate the remainder when 310 is divided by 32.
22
Calculate the remainder when 574 is divided by 32.
30
Calculate the remainder when 177 is divided by 12.
9
Calculate the remainder when 332 is divided by 107.
11
What is the remainder when 543 is divided by 58?
21
Calculate the remainder when 845 is divided by 16.
13
What is the remainder when 31 is divided by 19?
12
What is the remainder when 192 is divided by 99?
93
What is the remainder when 947 is divided by 50?
47
What is the remainder when 232 is divided by 4?
0
What is the remainder when 1089 is divided by 42?
39
Calculate the remainder when 582 is divided by 315.
267
What is the remainder when 42430 is divided by 52?
50
Calculate the remainder when 74 is divided by 11.
8
What is the remainder when 123 is divided by 47?
29
What is the remainder when 170 is divided by 16?
10
What is the remainder when 131 is divided by 45?
41
What is the remainder when 928 is divided by 30?
28
What is the remainder when 675 is divided by 10?
5
What is the remainder when 197 is divided by 17?
10
Calculate the remainder when 481 is divided by 28.
5
What is the remainder when 36 is divided by 15?
6
What is the remainder when 39 is divided by 38?
1
Calculate the remainder when 262 is divided by 54.
46
What is the remainder when 287 is divided by 99?
89
Calculate the remainder when 127 is divided by 39.
10
What is the remainder when 242 is divided by 32?
18
Calculate the remainder when 3006 is divided by 35.
31
Calculate the remainder when 584 is divided by 49.
45
What is the remainder when 94 is divided by 41?
12
What is the remainder when 326 is divided by 37?
30
What is the remainder when 16815 is divided by 89?
83
What is the remainder when 907 is divided by 29?
8
What is the remainder when 294 is divided by 23?
18
Calculate the remainder when 646 is divided by 317.
12
Calculate the remainder when 1179 is divided by 363.
90
Calculate the remainder when 1307 is divided by 147.
131
Calculate the remainder when 14784 is divided by 102.
96
What is the remainder when 4845 is divided by 48?
45
What is the remainder when 439 is divided by 3?
1
Calculate the remainder when 190 is divided by 177.
13
What is the remainder when 4604 is divided by 918?
14
What is the remainder when 352 is divided by 344?
8
What is the remainder when 195 is divided by 29?
21
Calculate the remainder when 20 is divided by 15.
5
What is the remainder when 107 is divided by 12?
11
What is the remainder when 122 is divided by 58?
6
What is the remainder when 7 is divided by 4?
3
What is the remainder when 2351 is divided by 62?
57
What is the remainder when 2689 is divided by 13?
11
What is the remainder when 100 is divided by 43?
14
Calculate the remainder when 107 is divided by 50.
7
What is the remainder when 185 is divided by 64?
57
Calculate the remainder when 859 is divided by 32.
27
Calculate the remainder when 65 is divided by 54.
11
Calculate the remainder when 74 is divided by 30.
14
What is the remainder when 295 is divided by 89?
28
What is the remainder when 229 is divided by 60?
49
Calculate the remainder when 12139 is divided by 8.
3
What is the remainder when 250 is divided by 12?
10
Calculate the remainder when 731 is divided by 381.
350
What is the remainder when 835 is divided by 121?
109
What is the remainder when 95 is divided by 26?
17
What is the remainder when 754 is divided by 34?
6
What is the remainder when 70 is divided by 15?
10
Calculate the remainder when 2129 is divided by 151.
15
Calculate the remainder when 116 is divided by 17.
14
Calculate the remainder when 11 is divided by 2.
1
What is the remainder when 5726 is divided by 17?
14
What is the remainder when 6 is divided by 2?
0
What is the remainder when 991 is divided by 252?
235
What is the remainder when 301 is divided by 273?
28
Calculate the remainder when 263 is divided by 52.
3
What is the remainder when 228 is divided by 78?
72
What is the remainder when 473 is divided by 210?
53
Calculate the remainder when 479 is divided by 472.
7
Calculate the remainder when 279 is divided by 26.
19
Calculate the remainder when 2374 is divided by 66.
64
What is the remainder when 356 is divided by 36?
32
What is the remainder when 142 is divided by 40?
22
What is the remainder when 1548 is divided by 23?
7
What is the remainder when 982 is divided by 41?
39
Calculate the remainder when 93 is divided by 41.
11
Calculate the remainder when 9332 is divided by 51.
50
What is the remainder when 2562 is divided by 29?
10
What is the remainder when 959 is divided by 13?
10
Calculate the remainder when 483 is divided by 9.
6
Calculate the remainder when 1426 is divided by 28.
26
Calculate the remainder when 3069 is divided by 92.
33
What is the remainder when 561 is divided by 44?
33
Calculate the remainder when 723 is divided by 163.
71
Calculate the remainder when 679 is divided by 6.
1
Calculate the remainder when 1183 is divided by 196.
7
Calculate the remainder when 962 is divided by 9.
8
What is the remainder when 103 is divided by 36?
31
Calculate the remainder when 156 is divided by 19.
4
Calculate the remainder when 415 is divided by 207.
1
What is the remainder when 134 is divided by 86?
48
What is the remainder when 94 is divided by 35?
24
Calculate the remainder when 43 is divided by 15.
13
What is the remainder when 503 is divided by 36?
35
What is the remainder when 2250 is divided by 374?
6
Calculate the remainder when 4228 is divided by 45.
43
What is the remainder when 135 is divided by 25?
10
Calculate the remainder when 85 is divided by 41.
3
Calculate the remainder when 928 is divided by 16.
0
What is the remainder when 2278 is divided by 1138?
2
Calculate the remainder when 6316 is divided by 40.
36
Calculate the remainder when 596 is divided by 21.
8
What is the remainder when 11 is divided by 9?
2
What is the remainder when 21956 is divided by 39?
38
What is the remainder when 85 is divided by 29?
27
What is the remainder when 584 is divided by 284?
16
What is the remainder when 188 is divided by 80?
28
What is the remainder when 1042 is divided by 42?
34
Calculate the remainder when 1102 is divided by 14.
10
Calculate the remainder when 172 is divided by 88.
84
What is the remainder when 323 is divided by 24?
11
Calculate the remainder when 934 is divided by 10.
4
What is the remainder when 628 is divided by 63?
61
What is the remainder when 428 is divided by 153?
122
Calculate the remainder when 157 is divided by 20.
17
What is the remainder when 2242 is divided by 557?
14
What is the remainder when 1023 is divided by 339?
6
What is the remainder when 108 is divided by 31?
15
What is the remainder when 268 is divided by 31?
20
Calculate the remainder when 3231 is divided by 1054.
69
Calculate the remainder when 71 is divided by 51.
20
What is the remainder when 104 is divided by 22?
16
Calculate the remainder when 234 is divided by 79.
76
Calculate the remainder when 726 is divided by 265.
196
Calculate the remainder when 649 is divided by 293.
63
Calculate the remainder when 209 is divided by 6.
5
Calculate the remainder when 333 is divided by 156.
21
What is the remainder when 466 is divided by 97?
78
Calculate the remainder when 95 is divided by 17.
10
What is the remainder when 228 is divided by 33?
30
What is the remainder when 11230 is divided by 78?
76
Calculate the remainder when 42 is divided by 33.
9
Calculate the remainder when 125 is divided by 56.
13
What is the remainder when 381 is divided by 91?
17
What is the remainder when 112 is divided by 23?
20
Calculate the remainder when 773 is divided by 99.
80
What is the remainder when 153 is divided by 35?
13
What is the remainder when 262 is divided by 33?
31
Calculate the remainder when 89 is divided by 47.
42
Calculate the remainder when 3627 is divided by 22.
19
What is the remainder when 4157 is divided by 9